{"id":50,"date":"2018-10-05T11:26:13","date_gmt":"2018-10-05T09:26:13","guid":{"rendered":"http:\/\/www.dpsglampertheim.de\/wordpress\/?page_id=50"},"modified":"2024-03-09T08:51:43","modified_gmt":"2024-03-09T07:51:43","slug":"zeltlager","status":"publish","type":"page","link":"https:\/\/www.dpsglampertheim.de\/wordpress\/projekte-lager\/zeltlager\/","title":{"rendered":"Zeltlager"},"content":{"rendered":"<p><span style=\"caret-color: #333333; color: #333333;\">H\u00f6hepunkt in jedem Jahr sind nat\u00fcrlich unsere Stammeszeltlager. Alle Altersstufen fahren gemeinsam weg und genie\u00dfen rund 10 Tage in der Natur: Gemeinschaft, Spa\u00df und Abenteuer stehen im Mittelpunkt. Immer unter einem anderen Thema. Hier mal eine Auswahl aus den vergangenen Jahren:<\/span><\/p>\n<ul>\n<li>2023: Cluburlaub mit \u00dcberraschung in Ladenburg<\/li>\n<li>2022: Piratenlager in Grenz<\/li>\n<li>2019: Zwergenlager in Bad D\u00fcrkheim<\/li>\n<li>2018: Weihnachtslager im Saarland<\/li>\n<li>2017: R\u00f6merlager in Ladenburg<\/li>\n<li>2016: Zeltlager in Zelltal<\/li>\n<li>2015: Simsalateck in Dettingen unter Teck<\/li>\n<li>2014: Di\u00f6zesanlager &#8220;scouttropolis&#8221; in Gro\u00df-Zerlang<\/li>\n<li>2013: abgebrochenes Abenteuerzeltlager in Adelsheim<\/li>\n<li>2012: Netug-Lager in Westernohe<\/li>\n<li>2011: Steinzeitlager in Soden<\/li>\n<li>2010: Agentenlager in Ludwigswinkel<\/li>\n<li>2009: Di\u00f6zesanlager &#8220;Mut tut gut&#8221; im Schwangau<\/li>\n<li>2008: Piratenlager in Soden<\/li>\n<li>2007: Back-to-the-roots-Lager in Adelsheim<\/li>\n<li>2006: Westernlager in Ludwigswinkel<\/li>\n<li>2005: M\u00e4rchenlager in Soden<\/li>\n<li>2004: Gallierlager in Adelsheim<\/li>\n<li>2003: Mittelalterlager in Adelsheim<\/li>\n<li>2002: Abenteuerlager in Soden<\/li>\n<li>2001: Indianerlager im Elmsteiner Tal<\/li>\n<li>2000: Beduinenlager in Imsbach<\/li>\n<li>1999: Spielelager in Adelsheim<\/li>\n<li>1998: Piratenlager in Soden<\/li>\n<\/ul>\n","protected":false},"excerpt":{"rendered":"<p>H\u00f6hepunkt in jedem Jahr sind nat\u00fcrlich unsere Stammeszeltlager. Alle Altersstufen fahren gemeinsam weg und genie\u00dfen rund 10 Tage in der Natur: Gemeinschaft, Spa\u00df und Abenteuer stehen im Mittelpunkt. Immer unter einem anderen Thema. Hier mal eine Auswahl aus den vergangenen Jahren: 2023: Cluburlaub mit \u00dcberraschung in Ladenburg 2022: Piratenlager in Grenz 2019: Zwergenlager in Bad&#8230;<\/p>\n","protected":false},"author":1,"featured_media":0,"parent":48,"menu_order":0,"comment_status":"closed","ping_status":"closed","template":"","meta":{"ngg_post_thumbnail":0,"footnotes":""},"class_list":["post-50","page","type-page","status-publish","hentry"],"_links":{"self":[{"href":"https:\/\/www.dpsglampertheim.de\/wordpress\/wp-json\/wp\/v2\/pages\/50","targetHints":{"allow":["GET"]}}],"collection":[{"href":"https:\/\/www.dpsglampertheim.de\/wordpress\/wp-json\/wp\/v2\/pages"}],"about":[{"href":"https:\/\/www.dpsglampertheim.de\/wordpress\/wp-json\/wp\/v2\/types\/page"}],"author":[{"embeddable":true,"href":"https:\/\/www.dpsglampertheim.de\/wordpress\/wp-json\/wp\/v2\/users\/1"}],"replies":[{"embeddable":true,"href":"https:\/\/www.dpsglampertheim.de\/wordpress\/wp-json\/wp\/v2\/comments?post=50"}],"version-history":[{"count":5,"href":"https:\/\/www.dpsglampertheim.de\/wordpress\/wp-json\/wp\/v2\/pages\/50\/revisions"}],"predecessor-version":[{"id":1369,"href":"https:\/\/www.dpsglampertheim.de\/wordpress\/wp-json\/wp\/v2\/pages\/50\/revisions\/1369"}],"up":[{"embeddable":true,"href":"https:\/\/www.dpsglampertheim.de\/wordpress\/wp-json\/wp\/v2\/pages\/48"}],"wp:attachment":[{"href":"https:\/\/www.dpsglampertheim.de\/wordpress\/wp-json\/wp\/v2\/media?parent=50"}],"curies":[{"name":"wp","href":"https:\/\/api.w.org\/{rel}","templated":true}]}}

<p><span style="caret-color: #333333; color: #333333;">Höhepunkt in jedem Jahr sind natürlich unsere Stammeszeltlager. Alle Altersstufen fahren gemeinsam weg und genießen rund 10 Tage in der Natur: Gemeinschaft, Spaß und Abenteuer stehen im Mittelpunkt. Immer unter einem anderen Thema. Hier mal eine Auswahl aus den vergangenen Jahren:</span></p>
<ul>
<li>2023: Cluburlaub mit Überraschung in Ladenburg</li>
<li>2022: Piratenlager in Grenz</li>
<li>2019: Zwergenlager in Bad Dürkheim</li>
<li>2018: Weihnachtslager im Saarland</li>
<li>2017: Römerlager in Ladenburg</li>
<li>2016: Zeltlager in Zelltal</li>
<li>2015: Simsalateck in Dettingen unter Teck</li>
<li>2014: Diözesanlager &#8220;scouttropolis&#8221; in Groß-Zerlang</li>
<li>2013: abgebrochenes Abenteuerzeltlager in Adelsheim</li>
<li>2012: Netug-Lager in Westernohe</li>
<li>2011: Steinzeitlager in Soden</li>
<li>2010: Agentenlager in Ludwigswinkel</li>
<li>2009: Diözesanlager &#8220;Mut tut gut&#8221; im Schwangau</li>
<li>2008: Piratenlager in Soden</li>
<li>2007: Back-to-the-roots-Lager in Adelsheim</li>
<li>2006: Westernlager in Ludwigswinkel</li>
<li>2005: Märchenlager in Soden</li>
<li>2004: Gallierlager in Adelsheim</li>
<li>2003: Mittelalterlager in Adelsheim</li>
<li>2002: Abenteuerlager in Soden</li>
<li>2001: Indianerlager im Elmsteiner Tal</li>
<li>2000: Beduinenlager in Imsbach</li>
<li>1999: Spielelager in Adelsheim</li>
<li>1998: Piratenlager in Soden</li>
</ul>

<p>Höhepunkt in jedem Jahr sind natürlich unsere Stammeszeltlager. Alle Altersstufen fahren gemeinsam weg und genießen rund 10 Tage in der Natur: Gemeinschaft, Spaß und Abenteuer stehen im Mittelpunkt. Immer unter einem anderen Thema. Hier mal eine Auswahl aus den vergangenen Jahren: 2023: Cluburlaub mit Überraschung in Ladenburg 2022: Piratenlager in Grenz 2019: Zwergenlager in Bad&#8230;</p>
