{"id":54,"date":"2018-10-05T11:26:37","date_gmt":"2018-10-05T09:26:37","guid":{"rendered":"http:\/\/www.dpsglampertheim.de\/wordpress\/?page_id=54"},"modified":"2024-03-09T08:50:55","modified_gmt":"2024-03-09T07:50:55","slug":"sommerlager-2019","status":"publish","type":"page","link":"https:\/\/www.dpsglampertheim.de\/wordpress\/projekte-lager\/zeltlager\/sommerlager-2019\/","title":{"rendered":"Sommerlager 2019"},"content":{"rendered":"\n<p><strong>Herr der sieben Ringe<\/strong> <\/p>\n\n\n<p>Das Motto unseres diesj\u00e4hrigen Zeltlagers ist f\u00fcr gro\u00df und klein. Vor allem f\u00fcr klein. Wir befinden uns in Bart D\u00fcrkheim, der Zwergenstadt. Alle 100 Jahre versammeln sich hier die sieben Zwergenst\u00e4mme, um ihre sieben Ringe der Macht der Gemeinschaft und Freundschaft zu vereinen. Doch oh Schreck! Kein Zwergenk\u00f6nig hat mehr seinen Ring&#8230; Nun liegt es bei allen Zwergen, die sieben Ringe zu finden, um sie wieder zu vereinen!&nbsp;<\/p>\n\n\n<figure class=\"wp-block-gallery has-nested-images columns-3 is-cropped wp-block-gallery-1 is-layout-flex wp-block-gallery-is-layout-flex\">\n<figure class=\"wp-block-image size-large\"><img loading=\"lazy\" decoding=\"async\" width=\"768\" height=\"1024\" data-id=\"555\" src=\"https:\/\/www.dpsglampertheim.de\/wordpress\/wp-content\/uploads\/2019\/07\/A17E0F62-A9F1-49CA-B7E8-16238BE5E28F-768x1024.jpeg\" alt=\"\" class=\"wp-image-555\" srcset=\"https:\/\/www.dpsglampertheim.de\/wordpress\/wp-content\/uploads\/2019\/07\/A17E0F62-A9F1-49CA-B7E8-16238BE5E28F.jpeg 768w, https:\/\/www.dpsglampertheim.de\/wordpress\/wp-content\/uploads\/2019\/07\/A17E0F62-A9F1-49CA-B7E8-16238BE5E28F-225x300.jpeg 225w, https:\/\/www.dpsglampertheim.de\/wordpress\/wp-content\/uploads\/2019\/07\/A17E0F62-A9F1-49CA-B7E8-16238BE5E28F-750x1000.jpeg 750w\" sizes=\"auto, (max-width: 768px) 100vw, 768px\" \/><\/figure>\n\n\n\n<figure class=\"wp-block-image size-large\"><img loading=\"lazy\" decoding=\"async\" width=\"768\" height=\"1024\" data-id=\"553\" src=\"https:\/\/www.dpsglampertheim.de\/wordpress\/wp-content\/uploads\/2019\/07\/237124DB-0613-47E5-9243-E125F3094AF9-768x1024.jpeg\" alt=\"\" class=\"wp-image-553\" srcset=\"https:\/\/www.dpsglampertheim.de\/wordpress\/wp-content\/uploads\/2019\/07\/237124DB-0613-47E5-9243-E125F3094AF9.jpeg 768w, https:\/\/www.dpsglampertheim.de\/wordpress\/wp-content\/uploads\/2019\/07\/237124DB-0613-47E5-9243-E125F3094AF9-225x300.jpeg 225w, https:\/\/www.dpsglampertheim.de\/wordpress\/wp-content\/uploads\/2019\/07\/237124DB-0613-47E5-9243-E125F3094AF9-750x1000.jpeg 750w\" sizes=\"auto, (max-width: 768px) 100vw, 768px\" \/><\/figure>\n\n\n\n<figure class=\"wp-block-image size-large\"><img loading=\"lazy\" decoding=\"async\" width=\"768\" height=\"1024\" data-id=\"551\" src=\"https:\/\/www.dpsglampertheim.de\/wordpress\/wp-content\/uploads\/2019\/07\/C18A408F-47F1-4414-A359-0FBDC50F63A6-768x1024.jpeg\" alt=\"\" class=\"wp-image-551\" srcset=\"https:\/\/www.dpsglampertheim.de\/wordpress\/wp-content\/uploads\/2019\/07\/C18A408F-47F1-4414-A359-0FBDC50F63A6.jpeg 768w, https:\/\/www.dpsglampertheim.de\/wordpress\/wp-content\/uploads\/2019\/07\/C18A408F-47F1-4414-A359-0FBDC50F63A6-225x300.jpeg 225w, https:\/\/www.dpsglampertheim.de\/wordpress\/wp-content\/uploads\/2019\/07\/C18A408F-47F1-4414-A359-0FBDC50F63A6-750x1000.jpeg 750w\" sizes=\"auto, (max-width: 768px) 100vw, 768px\" \/><\/figure>\n\n\n\n<figure class=\"wp-block-image size-large\"><img loading=\"lazy\" decoding=\"async\" width=\"1024\" height=\"768\" data-id=\"550\" src=\"https:\/\/www.dpsglampertheim.de\/wordpress\/wp-content\/uploads\/2019\/07\/CDC4A7AE-3F75-4709-90F5-B6B398588A43-1024x768.jpeg\" alt=\"\" class=\"wp-image-550\" srcset=\"https:\/\/www.dpsglampertheim.de\/wordpress\/wp-content\/uploads\/2019\/07\/CDC4A7AE-3F75-4709-90F5-B6B398588A43.jpeg 1024w, https:\/\/www.dpsglampertheim.de\/wordpress\/wp-content\/uploads\/2019\/07\/CDC4A7AE-3F75-4709-90F5-B6B398588A43-300x225.jpeg 300w, https:\/\/www.dpsglampertheim.de\/wordpress\/wp-content\/uploads\/2019\/07\/CDC4A7AE-3F75-4709-90F5-B6B398588A43-768x576.jpeg 768w, https:\/\/www.dpsglampertheim.de\/wordpress\/wp-content\/uploads\/2019\/07\/CDC4A7AE-3F75-4709-90F5-B6B398588A43-750x563.jpeg 750w\" sizes=\"auto, (max-width: 1024px) 100vw, 1024px\" \/><\/figure>\n\n\n\n<figure class=\"wp-block-image size-large\"><img loading=\"lazy\" decoding=\"async\" width=\"768\" height=\"1024\" data-id=\"552\" src=\"https:\/\/www.dpsglampertheim.de\/wordpress\/wp-content\/uploads\/2019\/07\/C9A8FFED-0287-4924-9909-286FB158F529-768x1024.jpeg\" alt=\"\" class=\"wp-image-552\" srcset=\"https:\/\/www.dpsglampertheim.de\/wordpress\/wp-content\/uploads\/2019\/07\/C9A8FFED-0287-4924-9909-286FB158F529.jpeg 768w, https:\/\/www.dpsglampertheim.de\/wordpress\/wp-content\/uploads\/2019\/07\/C9A8FFED-0287-4924-9909-286FB158F529-225x300.jpeg 225w, https:\/\/www.dpsglampertheim.de\/wordpress\/wp-content\/uploads\/2019\/07\/C9A8FFED-0287-4924-9909-286FB158F529-750x1000.jpeg 750w\" sizes=\"auto, (max-width: 768px) 100vw, 768px\" \/><\/figure>\n\n\n\n<figure class=\"wp-block-image size-large\"><img loading=\"lazy\" decoding=\"async\" width=\"1024\" height=\"280\" data-id=\"554\" src=\"https:\/\/www.dpsglampertheim.de\/wordpress\/wp-content\/uploads\/2019\/07\/00DD1001-974B-4F6A-8F4B-FF7C3EBA761B-1024x280.jpeg\" alt=\"\" class=\"wp-image-554\" srcset=\"https:\/\/www.dpsglampertheim.de\/wordpress\/wp-content\/uploads\/2019\/07\/00DD1001-974B-4F6A-8F4B-FF7C3EBA761B.jpeg 1024w, https:\/\/www.dpsglampertheim.de\/wordpress\/wp-content\/uploads\/2019\/07\/00DD1001-974B-4F6A-8F4B-FF7C3EBA761B-300x82.jpeg 300w, https:\/\/www.dpsglampertheim.de\/wordpress\/wp-content\/uploads\/2019\/07\/00DD1001-974B-4F6A-8F4B-FF7C3EBA761B-768x210.jpeg 768w, https:\/\/www.dpsglampertheim.de\/wordpress\/wp-content\/uploads\/2019\/07\/00DD1001-974B-4F6A-8F4B-FF7C3EBA761B-750x205.jpeg 750w\" sizes=\"auto, (max-width: 1024px) 100vw, 1024px\" \/><\/figure>\n\n\n\n<figure class=\"wp-block-image size-large\"><img loading=\"lazy\" decoding=\"async\" width=\"1024\" height=\"1024\" data-id=\"565\" src=\"https:\/\/www.dpsglampertheim.de\/wordpress\/wp-content\/uploads\/2019\/07\/WhatsApp-Image-2019-07-23-at-23.02.47-1024x1024.jpeg\" alt=\"\" class=\"wp-image-565\" srcset=\"https:\/\/www.dpsglampertheim.de\/wordpress\/wp-content\/uploads\/2019\/07\/WhatsApp-Image-2019-07-23-at-23.02.47.jpeg 1024w, https:\/\/www.dpsglampertheim.de\/wordpress\/wp-content\/uploads\/2019\/07\/WhatsApp-Image-2019-07-23-at-23.02.47-150x150.jpeg 150w, https:\/\/www.dpsglampertheim.de\/wordpress\/wp-content\/uploads\/2019\/07\/WhatsApp-Image-2019-07-23-at-23.02.47-300x300.jpeg 300w, https:\/\/www.dpsglampertheim.de\/wordpress\/wp-content\/uploads\/2019\/07\/WhatsApp-Image-2019-07-23-at-23.02.47-768x768.jpeg 768w, https:\/\/www.dpsglampertheim.de\/wordpress\/wp-content\/uploads\/2019\/07\/WhatsApp-Image-2019-07-23-at-23.02.47-750x750.jpeg 750w, https:\/\/www.dpsglampertheim.de\/wordpress\/wp-content\/uploads\/2019\/07\/WhatsApp-Image-2019-07-23-at-23.02.47-348x348.jpeg 348w\" sizes=\"auto, (max-width: 1024px) 100vw, 1024px\" \/><\/figure>\n\n\n\n<figure class=\"wp-block-image size-large\"><img loading=\"lazy\" decoding=\"async\" width=\"1024\" height=\"827\" data-id=\"563\" src=\"https:\/\/www.dpsglampertheim.de\/wordpress\/wp-content\/uploads\/2019\/07\/WhatsApp-Image-2019-07-24-at-10.44.10-1024x827.jpeg\" alt=\"\" class=\"wp-image-563\" srcset=\"https:\/\/www.dpsglampertheim.de\/wordpress\/wp-content\/uploads\/2019\/07\/WhatsApp-Image-2019-07-24-at-10.44.10.jpeg 1024w, https:\/\/www.dpsglampertheim.de\/wordpress\/wp-content\/uploads\/2019\/07\/WhatsApp-Image-2019-07-24-at-10.44.10-300x242.jpeg 300w, https:\/\/www.dpsglampertheim.de\/wordpress\/wp-content\/uploads\/2019\/07\/WhatsApp-Image-2019-07-24-at-10.44.10-768x620.jpeg 768w, https:\/\/www.dpsglampertheim.de\/wordpress\/wp-content\/uploads\/2019\/07\/WhatsApp-Image-2019-07-24-at-10.44.10-750x606.jpeg 750w\" sizes=\"auto, (max-width: 1024px) 100vw, 1024px\" \/><\/figure>\n\n\n\n<figure class=\"wp-block-image size-large\"><img loading=\"lazy\" decoding=\"async\" width=\"497\" height=\"1024\" data-id=\"564\" src=\"https:\/\/www.dpsglampertheim.de\/wordpress\/wp-content\/uploads\/2019\/07\/WhatsApp-Image-2019-07-23-at-23.03.50-497x1024.jpeg\" alt=\"\" class=\"wp-image-564\" srcset=\"https:\/\/www.dpsglampertheim.de\/wordpress\/wp-content\/uploads\/2019\/07\/WhatsApp-Image-2019-07-23-at-23.03.50.jpeg 497w, https:\/\/www.dpsglampertheim.de\/wordpress\/wp-content\/uploads\/2019\/07\/WhatsApp-Image-2019-07-23-at-23.03.50-146x300.jpeg 146w\" sizes=\"auto, (max-width: 497px) 100vw, 497px\" \/><\/figure>\n<\/figure>\n","protected":false},"excerpt":{"rendered":"<p>Herr der sieben Ringe Das Motto unseres diesj\u00e4hrigen Zeltlagers ist f\u00fcr gro\u00df und klein. Vor allem f\u00fcr klein. Wir befinden uns in Bart D\u00fcrkheim, der Zwergenstadt. Alle 100 Jahre versammeln sich hier die sieben Zwergenst\u00e4mme, um ihre sieben Ringe der Macht der Gemeinschaft und Freundschaft zu vereinen. Doch oh Schreck! Kein Zwergenk\u00f6nig hat mehr seinen&#8230;<\/p>\n","protected":false},"author":4,"featured_media":0,"parent":50,"menu_order":3,"comment_status":"closed","ping_status":"closed","template":"","meta":{"ngg_post_thumbnail":0,"footnotes":""},"class_list":["post-54","page","type-page","status-publish","hentry"],"_links":{"self":[{"href":"https:\/\/www.dpsglampertheim.de\/wordpress\/wp-json\/wp\/v2\/pages\/54","targetHints":{"allow":["GET"]}}],"collection":[{"href":"https:\/\/www.dpsglampertheim.de\/wordpress\/wp-json\/wp\/v2\/pages"}],"about":[{"href":"https:\/\/www.dpsglampertheim.de\/wordpress\/wp-json\/wp\/v2\/types\/page"}],"author":[{"embeddable":true,"href":"https:\/\/www.dpsglampertheim.de\/wordpress\/wp-json\/wp\/v2\/users\/4"}],"replies":[{"embeddable":true,"href":"https:\/\/www.dpsglampertheim.de\/wordpress\/wp-json\/wp\/v2\/comments?post=54"}],"version-history":[{"count":3,"href":"https:\/\/www.dpsglampertheim.de\/wordpress\/wp-json\/wp\/v2\/pages\/54\/revisions"}],"predecessor-version":[{"id":1532,"href":"https:\/\/www.dpsglampertheim.de\/wordpress\/wp-json\/wp\/v2\/pages\/54\/revisions\/1532"}],"up":[{"embeddable":true,"href":"https:\/\/www.dpsglampertheim.de\/wordpress\/wp-json\/wp\/v2\/pages\/50"}],"wp:attachment":[{"href":"https:\/\/www.dpsglampertheim.de\/wordpress\/wp-json\/wp\/v2\/media?parent=54"}],"curies":[{"name":"wp","href":"https:\/\/api.w.org\/{rel}","templated":true}]}}