{"id":66,"date":"2018-10-05T11:27:54","date_gmt":"2018-10-05T09:27:54","guid":{"rendered":"http:\/\/www.dpsglampertheim.de\/wordpress\/?page_id=66"},"modified":"2024-05-27T23:14:53","modified_gmt":"2024-05-27T21:14:53","slug":"jungpfadfinder","status":"publish","type":"page","link":"https:\/\/www.dpsglampertheim.de\/wordpress\/gruppen\/jungpfadfinder\/","title":{"rendered":"Jungpfadfinder"},"content":{"rendered":"<pre>Bei Interesse und f\u00fcr n\u00e4here Informationen melden Sie sich bitte \u00fcber mail@dpsglampertheim.de<\/pre>\n<p>Wer zwischen 10 und 13 Jahren alt ist, m\u00f6chte nat\u00fcrlich mehr machen, als nur spielen oder basteln. Was neues kennenlernen und auch mal einfach neues ausprobieren, kurzum ins Abenteuer starten. Und das wollen die Jungpfadfinder (Jufis) in ihren Gruppenstunden auch. Der Spa\u00df kommt dabei nat\u00fcrlich nicht zu kurz. Was Pfadfinderisches \u2013 wie zum Beispiel Holzhacken lernen, richtig Feuer machen oder Knoten \u2013 oder neue Spiele ausprobieren \u2013 das geh\u00f6rt zu jeder Gruppenstunde. Und auch im Stammeslager sind Jufis mit dabei und halten Leiterinnen und Leiter auf Trab.<\/p>\n","protected":false},"excerpt":{"rendered":"<p>Bei Interesse und f\u00fcr n\u00e4here Informationen melden Sie sich bitte \u00fcber mail@dpsglampertheim.de Wer zwischen 10 und 13 Jahren alt ist, m\u00f6chte nat\u00fcrlich mehr machen, als nur spielen oder basteln. Was neues kennenlernen und auch mal einfach neues ausprobieren, kurzum ins Abenteuer starten. Und das wollen die Jungpfadfinder (Jufis) in ihren Gruppenstunden auch. Der Spa\u00df kommt&#8230;<\/p>\n","protected":false},"author":1,"featured_media":0,"parent":62,"menu_order":0,"comment_status":"closed","ping_status":"closed","template":"","meta":{"ngg_post_thumbnail":0,"jetpack_post_was_ever_published":false,"footnotes":""},"class_list":["post-66","page","type-page","status-publish","hentry"],"jetpack_sharing_enabled":true,"jetpack_shortlink":"https:\/\/wp.me\/P2SRSq-14","jetpack-related-posts":[],"_links":{"self":[{"href":"https:\/\/www.dpsglampertheim.de\/wordpress\/wp-json\/wp\/v2\/pages\/66","targetHints":{"allow":["GET"]}}],"collection":[{"href":"https:\/\/www.dpsglampertheim.de\/wordpress\/wp-json\/wp\/v2\/pages"}],"about":[{"href":"https:\/\/www.dpsglampertheim.de\/wordpress\/wp-json\/wp\/v2\/types\/page"}],"author":[{"embeddable":true,"href":"https:\/\/www.dpsglampertheim.de\/wordpress\/wp-json\/wp\/v2\/users\/1"}],"replies":[{"embeddable":true,"href":"https:\/\/www.dpsglampertheim.de\/wordpress\/wp-json\/wp\/v2\/comments?post=66"}],"version-history":[{"count":8,"href":"https:\/\/www.dpsglampertheim.de\/wordpress\/wp-json\/wp\/v2\/pages\/66\/revisions"}],"predecessor-version":[{"id":1714,"href":"https:\/\/www.dpsglampertheim.de\/wordpress\/wp-json\/wp\/v2\/pages\/66\/revisions\/1714"}],"up":[{"embeddable":true,"href":"https:\/\/www.dpsglampertheim.de\/wordpress\/wp-json\/wp\/v2\/pages\/62"}],"wp:attachment":[{"href":"https:\/\/www.dpsglampertheim.de\/wordpress\/wp-json\/wp\/v2\/media?parent=66"}],"curies":[{"name":"wp","href":"https:\/\/api.w.org\/{rel}","templated":true}]}}