{"id":728,"date":"2020-08-15T09:47:00","date_gmt":"2020-08-15T07:47:00","guid":{"rendered":"http:\/\/www.dpsglampertheim.de\/wordpress\/?page_id=728"},"modified":"2020-08-15T09:47:00","modified_gmt":"2020-08-15T07:47:00","slug":"dsgvo-2","status":"publish","type":"page","link":"https:\/\/www.dpsglampertheim.de\/wordpress\/dsgvo-2\/","title":{"rendered":"Informationspflichten nach der Datenschutzgrundverordnung (DSGVO) f\u00fcr Besucher eines gastgewerblichen Betriebs w\u00e4hrend der Corona-Pandemie gem. Art. 13 DSGVO"},"content":{"rendered":"<p><strong>Informationspflichten nach der Datenschutzgrundverordnung (DSGVO) f\u00fcr Besucher eines gastgewerblichen Betriebs w\u00e4hrend der Corona-Pandemie gem. Art. 13 DSGVO<\/strong><\/p>\n<p><strong>Bezeichnung der Verarbeitungst\u00e4tigkeit<\/strong><\/p>\n<p>Erhebung und Speicherung der Namen, Adressen und Telefonnummern<\/p>\n<p><strong>Zweck und Rechtsgrundlage der Verarbeitung<\/strong><\/p>\n<p>Ihre Daten werden zum, Zweck der Nachverfolgung von Infektionsketten auf Grundlage von Art. 6 Abs.1 Buchstabe c) DSGVO verarbeitet.<\/p>\n<p><strong>Empf\u00e4nger der personenbezogenen Daten<\/strong><\/p>\n<p>Im Infektionsfall am Tag ihres Besuchs werden Ihre Daten an das zust\u00e4ndige Gesundheitsamt weitergegeben, das Sie \u00fcber das weitere Vorgehen informieren wird.<\/p>\n<p><strong>Dauer der Speicherung der personenbezogenen Daten<\/strong><\/p>\n<p>Die von Ihnen erhobenen Daten (Vor- und Nachname, Anschrift und Telefonnummer) wird 1 Monat lang aufbewahrt und dann unverz\u00fcglich in unserem Haus vernichtet.<\/p>\n<p><strong>Betroffenenrechte<\/strong><\/p>\n<p>Nach der EU-Datenschutzgrundverordnung stehen Ihnen folgende Rechte zu: Werden Ihre personenbezogenen Daten verarbeitet werden, steht Ihnen ein Recht auf Berichtigung zu. (Art 16 DSGVO).<\/p>\n<p>Liegen die gesetzlichen Voraussetzungen vor, so k\u00f6nnen Sie die L\u00f6schung oder Einschr\u00e4nkung der Verarbeitung verlangen sowie Widerspruch gegen die Datenverarbeitung besteht und die Datenverarbeitung mithilfe automatisierter Verfahren durchgef\u00fchrt wird, steht Ihnen gegebenenfalls ein Recht auf Daten\u00fcbertragbarkeit zu (Art. 20 DSGVO).<\/p>\n<p>Sollten Sie von Ihren oben genannten Rechten Gebrauch machen, pr\u00fcft der Betriebsinhaber, ob die gesetzlichen Voraussetzungen hierf\u00fcr erf\u00fcllt sind. Zur Aus\u00fcbung Ihrer Rechte wenden Sie sich bitte an den Datenschutzbeauftragten oder den Betriebsinhaber. Bei datenschutzrechtlichen Beschwerden k\u00f6nnen Sie sich an die zust\u00e4ndige Aufsichtsbeh\u00f6rde wenden:<\/p>\n<p><em>Der Hessische Datenschutzbeauftragte<\/em><br \/>\n<em>Postfach 3163, 65021 Wiesbaden<\/em><br \/>\n<a href=\"mailto:Poststelle@datenschutz.hessen.de\"><em>Poststelle@datenschutz.hessen.de<\/em><\/a><\/p>\n","protected":false},"excerpt":{"rendered":"<p>Informationspflichten nach der Datenschutzgrundverordnung (DSGVO) f\u00fcr Besucher eines gastgewerblichen Betriebs w\u00e4hrend der Corona-Pandemie gem. Art. 13 DSGVO Bezeichnung der Verarbeitungst\u00e4tigkeit Erhebung und Speicherung der Namen, Adressen und Telefonnummern Zweck und Rechtsgrundlage der Verarbeitung Ihre Daten werden zum, Zweck der Nachverfolgung von Infektionsketten auf Grundlage von Art. 6 Abs.1 Buchstabe c) DSGVO verarbeitet. Empf\u00e4nger der personenbezogenen&#8230;<\/p>\n","protected":false},"author":1,"featured_media":0,"parent":0,"menu_order":0,"comment_status":"closed","ping_status":"closed","template":"","meta":{"ngg_post_thumbnail":0,"footnotes":""},"class_list":["post-728","page","type-page","status-publish","hentry"],"_links":{"self":[{"href":"https:\/\/www.dpsglampertheim.de\/wordpress\/wp-json\/wp\/v2\/pages\/728","targetHints":{"allow":["GET"]}}],"collection":[{"href":"https:\/\/www.dpsglampertheim.de\/wordpress\/wp-json\/wp\/v2\/pages"}],"about":[{"href":"https:\/\/www.dpsglampertheim.de\/wordpress\/wp-json\/wp\/v2\/types\/page"}],"author":[{"embeddable":true,"href":"https:\/\/www.dpsglampertheim.de\/wordpress\/wp-json\/wp\/v2\/users\/1"}],"replies":[{"embeddable":true,"href":"https:\/\/www.dpsglampertheim.de\/wordpress\/wp-json\/wp\/v2\/comments?post=728"}],"version-history":[{"count":1,"href":"https:\/\/www.dpsglampertheim.de\/wordpress\/wp-json\/wp\/v2\/pages\/728\/revisions"}],"predecessor-version":[{"id":729,"href":"https:\/\/www.dpsglampertheim.de\/wordpress\/wp-json\/wp\/v2\/pages\/728\/revisions\/729"}],"wp:attachment":[{"href":"https:\/\/www.dpsglampertheim.de\/wordpress\/wp-json\/wp\/v2\/media?parent=728"}],"curies":[{"name":"wp","href":"https:\/\/api.w.org\/{rel}","templated":true}]}}