{"id":74,"date":"2018-10-05T11:28:43","date_gmt":"2018-10-05T09:28:43","guid":{"rendered":"http:\/\/www.dpsglampertheim.de\/wordpress\/?page_id=74"},"modified":"2020-09-26T13:39:18","modified_gmt":"2020-09-26T11:39:18","slug":"foerderverein","status":"publish","type":"page","link":"https:\/\/www.dpsglampertheim.de\/wordpress\/foerderverein\/","title":{"rendered":"F\u00f6rderverein"},"content":{"rendered":"<p>In Zeiten, in denen \u00f6ffentliche Zusch\u00fcsse und Gelder f\u00fcr die Jugendarbeit immer knapper werden, ist es notwendig, dass die Jugendgruppen nach neuen Wegen suchen, um ihre Arbeit fortf\u00fchren zu k\u00f6nnen.<\/p>\n<p>Im Jahr 2004 wurde deshalb von den Aktiven des Stammes angeregt, einen F\u00f6rderverein zu gr\u00fcnden, der dem Stamm seit dem tatkr\u00e4ftig und vor allem finanziell und rechtlich zur Seite steht. Au\u00dferdem bietet der F\u00f6rderverein die M\u00f6glichkeit mit unseren Ehemaligen in Kontakt zu bleiben.<\/p>\n<p>So unterst\u00fctzt der F\u00f6rderverein:<\/p>\n<ul>\n<li>Beschaffung von Zeltmaterial, Werkzeugen etc.<\/li>\n<li>Regelm\u00e4\u00dfige Pflege und Reparatur des Zeltmaterials<\/li>\n<li>Fortbildungsma\u00dfnahmen f\u00fcr Leiter<\/li>\n<li>Zusch\u00fcsse an Gruppenmitglieder bei Freizeiten.<\/li>\n<li>usw\u2026<\/li>\n<\/ul>\n<h2>Werden Sie Mitglied im F\u00f6rderverein!<\/h2>\n<p>Bitte unterst\u00fctzen Sie die Pfadfinder in Lampertheim und werden Sie Mitglied im F\u00f6rderverein! Einfach den Anmeldebogen runterladen, ausf\u00fcllen und zur\u00fcckschicken:<\/p>\n<ul>\n<li><a href=\"https:\/\/www.dpsglampertheim.de\/wordpress\/wp-content\/uploads\/2019\/08\/Beitrittserkl\u00e4rung_eV.pdf\">Beitrittserkl\u00e4rung f\u00fcr den F\u00f6rderverein als PDF zum downloaden<\/a><\/li>\n<\/ul>\n<h2>Spendenkonto<\/h2>\n<p>Sie k\u00f6nnen uns auch mit einer Geldspende unterst\u00fctzen! Als gemeinn\u00fctziger Verein stellen wir Ihnen f\u00fcr Ihre Spende gerne eine Spendenquittung aus. Unser Spendenkonto lautet:<\/p>\n<p>IBAN&nbsp;<b>DE36553500100003255579 <\/b><\/p>\n<p>bei der Sparkasse&nbsp;Worms-Alzey-Ried Ried <strong>BIC:&nbsp;MALADE51WOR<\/strong><\/p>\n<p>Kontakt \u00fcber folgendes Formular<\/p>\n<p class=\"wpcf7-contact-form-not-found\"><strong>Fehler:<\/strong> Kontaktformular wurde nicht gefunden.<\/p>\n","protected":false},"excerpt":{"rendered":"<p>In Zeiten, in denen \u00f6ffentliche Zusch\u00fcsse und Gelder f\u00fcr die Jugendarbeit immer knapper werden, ist es notwendig, dass die Jugendgruppen nach neuen Wegen suchen, um ihre Arbeit fortf\u00fchren zu k\u00f6nnen. Im Jahr 2004 wurde deshalb von den Aktiven des Stammes angeregt, einen F\u00f6rderverein zu gr\u00fcnden, der dem Stamm seit dem tatkr\u00e4ftig und vor allem finanziell&#8230;<\/p>\n","protected":false},"author":1,"featured_media":0,"parent":0,"menu_order":0,"comment_status":"closed","ping_status":"closed","template":"","meta":{"ngg_post_thumbnail":0,"footnotes":""},"class_list":["post-74","page","type-page","status-publish","hentry"],"_links":{"self":[{"href":"https:\/\/www.dpsglampertheim.de\/wordpress\/wp-json\/wp\/v2\/pages\/74","targetHints":{"allow":["GET"]}}],"collection":[{"href":"https:\/\/www.dpsglampertheim.de\/wordpress\/wp-json\/wp\/v2\/pages"}],"about":[{"href":"https:\/\/www.dpsglampertheim.de\/wordpress\/wp-json\/wp\/v2\/types\/page"}],"author":[{"embeddable":true,"href":"https:\/\/www.dpsglampertheim.de\/wordpress\/wp-json\/wp\/v2\/users\/1"}],"replies":[{"embeddable":true,"href":"https:\/\/www.dpsglampertheim.de\/wordpress\/wp-json\/wp\/v2\/comments?post=74"}],"version-history":[{"count":8,"href":"https:\/\/www.dpsglampertheim.de\/wordpress\/wp-json\/wp\/v2\/pages\/74\/revisions"}],"predecessor-version":[{"id":762,"href":"https:\/\/www.dpsglampertheim.de\/wordpress\/wp-json\/wp\/v2\/pages\/74\/revisions\/762"}],"wp:attachment":[{"href":"https:\/\/www.dpsglampertheim.de\/wordpress\/wp-json\/wp\/v2\/media?parent=74"}],"curies":[{"name":"wp","href":"https:\/\/api.w.org\/{rel}","templated":true}]}}